nds digit of 2691129433?
9
What is the millions digit of 1533876463?
3
What is the thousands digit of 220276073?
6
What is the ten thousands digit of 5551537?
5
What is the ten thousands digit of 1781799586?
9
What is the millions digit of 127578295?
7
What is the hundred thousands digit of 2516578?
5
What is the units digit of 182164423?
3
What is the hundreds digit of 799427104?
1
What is the units digit of 190732132?
2
What is the hundred millions digit of 1999631025?
9
What is the thousands digit of 10431277?
1
What is the billions digit of 1926054929?
1
What is the thousands digit of 223597208?
7
What is the millions digit of 34332259?
4
What is the tens digit of 1325288372?
7
What is the hundred thousands digit of 326428?
3
What is the millions digit of 503391753?
3
What is the tens digit of 407433765?
6
What is the hundred thousands digit of 4237605534?
6
What is the tens digit of 61355684?
8
What is the hundreds digit of 11331434?
4
What is the units digit of 93226349?
9
What is the units digit of 1698574751?
1
What is the hundreds digit of 60723546?
5
What is the units digit of 100442773?
3
What is the millions digit of 151138706?
1
What is the ten millions digit of 276386144?
7
What is the thousands digit of 2204665557?
5
What is the ten millions digit of 220301514?
2
What is the hundred thousands digit of 1480788706?
7
What is the hundred thousands digit of 56978534?
9
What is the hundred thousands digit of 3797525528?
5
What is the ten millions digit of 1169339756?
6
What is the ten thousands digit of 860887950?
8
What is the units digit of 30730766?
6
What is the billions digit of 5823640276?
5
What is the tens digit of 2447315668?
6
What is the hundred millions digit of 436203748?
4
What is the millions digit of 6484360905?
4
What is the units digit of 35213126?
6
What is the ten thousands digit of 16149180?
4
What is the thousands digit of 3980903888?
3
What is the ten thousands digit of 124299863?
9
What is the units digit of 42264117?
7
What is the hundreds digit of 437810391?
3
What is the units digit of 2024329?
9
What is the units digit of 171413470?
0
What is the tens digit of 100362170?
7
What is the units digit of 1322518744?
4
What is the millions digit of 213112564?
3
What is the hundred millions digit of 336808169?
3
What is the hundred thousands digit of 69846508?
8
What is the ten thousands digit of 43302582?
0
What is the thousands digit of 68534221?
4
What is the ten thousands digit of 2162619654?
1
What is the hundred thousands digit of 381029365?
0
What is the units digit of 120487777?
7
What is the tens digit of 977619863?
6
What is the hundred thousands digit of 359626413?
6
What is the hundred thousands digit of 33372484?
3
What is the ten thousands digit of 6664329?
6
What is the hundreds digit of 1019856714?
7
What is the ten thousands digit of 949599237?
9
What is the hundred millions digit of 188823315?
1
What is the hundred thousands digit of 53686504?
6
What is the ten millions digit of 1109993772?
0
What is the millions digit of 6727995?
6
What is the hundreds digit of 96006015?
0
What is the hundred millions digit of 1679343536?
6
What is the ten thousands digit of 71510248?
1
What is the hundred thousands digit of 156979738?
9
What is the thousands digit of 344748421?
8
What is the units digit of 215592200?
0
What is the ten thousands digit of 1355831375?
3
What is the tens digit of 15308490?
9
What is the millions digit of 177088435?
7
What is the hundreds digit of 251308157?
1
What is the hundred thousands digit of 197839608?
8
What is the millions digit of 24472252?
4
What is the hundred thousands digit of 158096756?
0
What is the ten millions digit of 1247586299?
4
What is the hundred millions digit of 164568133?
1
What is the millions digit of 2300997848?
0
What is the billions digit of 7939051205?
7
What is the tens digit of 12824338?
3
What is the ten millions digit of 254973252?
5
What is the hundred thousands digit of 157302485?
3
What is the hundred thousands digit of 9294974?
2
What is the ten millions digit of 14726494?
1
What is the hundred thousands digit of 3175237740?
2
What is the ten thousands digit of 1280374645?
7
What is the ten thousands digit of 47385991?
8
What is the hundred millions digit of 441521848?
4
What is the tens digit of 25516007?
0
What is the ten thousands digit of 93064034?
6
What is the thousands digit of 403126016?
6
What is the tens digit of 142100870?
7
What is the tens digit of 209993774?
7
What is the billions digit of 2312825429?
2
What is the tens digit of 1829698262?
6
What is the ten millions digit of 128529716?
2
What is the billions digit of 1121588364?
1
What is the hundreds digit of 81522503?
5
What is the units digit of 6972846028?
8
What is the billions digit of 1111672882?
1
What is the thousands digit of 278999696?
9
What is the tens digit of 312531084?
8
What is the thousands digit of 8933045636?
5
What is the millions digit of 45810221?
5
What is the ten millions digit of 53812263?
5
What is the units digit of 2156806146?
6
What is the millions digit of 82115494?
2
What is the hundreds digit of 200379305?
3
What is the hundreds digit of 362474381?
3
What is the hundreds digit of 35352396?
3
What is the billions digit of 3763200435?
3
What is the units digit of 159368733?
3
What is the ten thousands digit of 398586775?
8
What is the tens digit of 82618616?
1
What is the hundred millions digit of 6882397498?
8
What is the units digit of 26999539?
9
What is the millions digit of 9182840?
9
What is the ten thousands digit of 199608032?
0
What is the tens digit of 130156935?
3
What is the tens digit of 126963851?
5
What is the thousands digit of 10263433?
3
What is the tens digit of 2128464429?
2
What is the hundred millions digit of 135892542?
1
What is the units digit of 14764318?
8
What is the thousands digit of 205781502?
1
What is the hundred millions digit of 1967265358?
9
What is the millions digit of 95772664?
5
What is the thousands digit of 476845623?
5
What is the ten millions digit of 1840994737?
4
What is the hundred millions digit of 359353208?
3
What is the hundred millions digit of 388754838?
3
What is the ten thousands digit of 2361787723?
8
What is the thousands digit of 311764620?
4
What is the hundred thousands digit of 38119836?
1
What is the tens digit of 78806338?
3
What is the hundreds digit of 6507979?
9
What is the tens digit of 624840212?
1
What is the units digit of 4538614097?
7
What is the ten thousands digit of 56280805?
8
What is the hundred thousands digit of 5108599164?
5
What is the ten thousands digit of 39512126?
1
What is the ten thousands digit of 612193324?
9
What is the ten millions digit of 473293214?
7
What is the thousands digit of 116057717?
7
What is the millions digit of 59324542?
9
What is the hundreds digit of 1656843154?
1
What is the hundred thousands digit of 5915046504?
0
What is the hundreds digit of 202610751?
7
What is the ten thousands digit of 890212787?
1
What is the units digit of 6178939088?
8
What is the hundreds digit of 433275683?
6
What is the hundreds digit of 3510095737?
7
What is the hundreds digit of 101061310?
3
What is the thousands digit of 685799427?
9
What is the units digit of 14574342?
2
What is the tens digit of 18999479?
7
What is the thousands digit of 71312421?
2
What is the ten millions digit of 569610281?
6
What is the ten thousands digit of 7734932412?
3
What is the ten millions digit of 58595017?
5
What is the hundred millions digit of 655169266?
6
What is the thousands digit of 282788570?
8
What is the tens digit of 918772286?
8
What is the tens digit of 2239268466?
6
What is the hundreds digit of 457819334?
3
What is the hundreds digit of 1481803049?
0
What is the thousands digit of 3793857956?
7
What is the ten millions digit of 156150781?
5
What is the hundred millions digit of 1210480599?
2
What is the millions digit of 1802353458?
2
What is the ten millions digit of 106757845?
0
What is the thousands digit of 1169724850?
4
What is the hundreds digit of 121048366?
3
What is the tens digit of 103504999?
9
What is the units digit of 2556673751?
1
What is the ten thousands digit of 25949112?
4
What is the thousands digit of 44582643?
2
What is the hundred mil